value of -1 + 82 + 0 - (-32005 + 32042)?
44
What is the value of (8 - (34 - 31)) + -49?
-44
Evaluate 88 - 79 - 31 - (2 + -17).
-7
20 + 14 + -20 + 36
50
57 + (-39 - (12 + -41) - -10)
57
What is the value of 0 + (8 - 11 - 4 - 6 - -11) - -50?
48
What is the value of 0 + (-17 - (-30 + 5)) + -24?
-16
(54 - 0) + -1782 + 1724
-4
Evaluate (-6 - (-14 + 5)) + -75 - -7 - (-27 + 13).
-51
-11 + 0 - (-38 + -23 - -86)
-36
What is (-19 - -24) + (14 - (31 + -11)) + -59?
-60
Evaluate -1 + (-4 - 3 - -4) + 4 + 14 + -74.
-60
Calculate -53 + (-4 + -82 - -84).
-55
(2 + -13 - -2) + (23 + -23 - 6 - 3)
-18
What is -27 - (-12 + 22) - (-8 - 0 - -9)?
-38
What is 127 + -127 - (-1 + 3 - (20 - 19))?
-1
What is the value of 48 - 1 - (24 + 18 - 26)?
31
Calculate -200 + 317 - (-4 + 60).
61
-18 + -32 - ((-6 - -1 - 2 - -16) + -8)
-51
What is -90 + (41 - -103) - 32?
22
Evaluate 5 + 2 - ((-9 - (-10 - (-6 - -43))) + 7).
-38
Calculate 29 + (10 - (50 - -6)) + 113.
96
What is the value of -1 - ((-2 - -5) + -1 + -1 - (-4906 + 4880))?
-28
What is the value of -23 + -12 + -53 + 82?
-6
What is -8 - (-2 - 102 - (12 + -26 + 23))?
105
What is 153 - (13 + (260 - 274) + (15 - 0) + -4)?
143
What is 134 + -44 + -44 + -68?
-22
Evaluate 2 + (2 + -3 + -11 - (-2 + -1)).
-7
What is the value of (464 - 395) + 29 + 1?
99
(-1 + -8 + -4 + 3 - 47) + (7 - 12)
-62
Evaluate -60 - (45 + -59 - -15).
-61
-19 + -49 + 83 + -51
-36
-23 + (-2 + 6 - (78 - -3))
-100
What is -10 + 89 + 52 + -113 + 53?
71
Evaluate (1919 - 1949) + 0 + 111 - -38.
119
What is (0 + -9 - (-2439 - -2444)) + (4 - -1)?
-9
Calculate -18 + (-25 - -15) - (3 - (-6 + 20)).
-17
What is -8 + 1 - (52 + -46 - (3 + -11 + -32))?
-53
What is 70 + (-31 - 32) - -66?
73
Evaluate -38 + 31 - ((-3 - 1) + (15 - (-61 + -5))).
-84
What is the value of (-10 + 16 + 12 - 105) + 9 + 9?
-69
What is -14 - (-10 + 9) - -81 - 13 - -8?
63
13 + -25 + (28 - 3) + 10 + -35
-12
Calculate (-1 - 27) + -1 + -2 + (-295 - -308).
-18
-7 + 8 + (-7 - (-23 + 11 + 38))
-32
6 + -2 + -1 - (230 - 160)
-67
What is the value of -60 + (177 - 27) + -123?
-33
What is the value of -1247 - -1265 - (89 - 1)?
-70
Evaluate (-2 - (20 + (-16 - 2))) + (49 - 0).
45
What is 84 + -5 - 3 - (6 + 12 + -4)?
62
(-100 - ((30 - 2) + -14)) + 0 + 3 + 9
-102
What is the value of -9 - (8 - (0 + -3 - (-11 - (42 - -12))))?
45
-8 + 0 + -2 + (-10 - -47) + 7
34
What is the value of -9 + 1 - (-196 - (-419 - -153))?
-78
Evaluate (-14 - (3 + (-19 + -8 - -14))) + -4.
-8
Evaluate 86 - (216 - 123) - (1 + -17).
9
What is the value of 125 + (52 - (190 - 78))?
65
What is (-103 - 27) + 52 - (-1 + (-11 - (-2 - -1)))?
-67
Calculate (-8 - 1) + (-33 + 1 - (217 + -305 + 75)).
-28
23 + 14 + 0 + 8 + 2 - 2
45
Evaluate (-24 - (-37 + 9)) + -9 + -3 + (-2 - -10).
0
What is the value of 6 - ((-7 - -10) + 25 + 17 + -8)?
-31
73 - (16 + 83 + -77)
51
Evaluate -31 - (21 - -7) - (-1 + 1) - -4.
-55
What is (19 - (25 + -13 + -26)) + -23?
10
Calculate -20 - (-66 - -60 - (0 + 9) - 22).
17
What is 0 + -12 + (-27 + 12 + -1 - -61)?
33
-11 + (14 + -4 + (-1 - -1) + -14 - -67)
52
Evaluate (132 - 117) + (17 - 90).
-58
Evaluate 45 + -86 + (0 - -30).
-11
What is 41 - (-21 + 129 + -40)?
-27
What is the value of -7 - (6 - -1 - (-469 + 479))?
-4
Calculate (217 - 108) + 0 + -102.
7
Evaluate -13 + (7 - -17) + -12 + 3 - 45.
-43
What is 197 - 176 - (-11 + 64)?
-32
What is the value of 15 + (-23 + 71 - 23) - (5 + -3)?
38
Calculate -41 + -3 + 40 + -1 + 1 - -40.
36
Calculate -66 + -2 + 3 + (-20 - (-28 + 10)).
-67
Calculate -40 + (45 - (-8 - 16)) + 6.
35
Evaluate 6 + 1 - -3 - (-11 + 95 + -8 - 0).
-66
75 + (-41 + 27 - 34)
27
What is (-27 + 8 - 26) + 21?
-24
(-17 + 21 + -10 + -7 + -4 - -6) + -8
-19
What is the value of -1 + 1 + -46 + (26 - 13) - 11?
-44
Evaluate 173 - (-110 + (226 - 41)).
98
Evaluate -89 - (-82 - (-34 + -34)).
-75
(3 - 5 - -9) + (-87 - ((-29 - -25) + -23))
-53
Evaluate -27 - -106 - 35 - 47.
-3
What is 84 + -2 - (1 + 2 + -10) - (-13 - -12)?
90
Evaluate 194 + -193 + (-108 - (10 + -5 - 1)).
-111
What is (-47 - (-15 + -24)) + -66 - 21?
-95
15 + -36 + (21 - 14)
-14
3 + ((37 - 18) + -33 - (0 - -4))
-15
(-1 - (3 + -14) - (-44 + 2)) + -14
38
Evaluate (-88 - (-46 - 7)) + 70.
35
Evaluate -29 + 18 - ((1 - 5 - -5) + 0) - 18.
-30
-186 + 96 - (-9 - (-18 - -4))
-95
Calculate 4 + (-17 - (-13 - (-3 - 3))) + 87 + 1.
82
What is the value of (126 - 260) + 55 + 100?
21
Calculate 9 + -11 + (-15 + (-1 - -9 - 1) - -36).
26
Calculate 4 + (-216 - -40) - -118.
-54
Evaluate (17 - 57 - -35) + 51.
46
Evaluate (14 - 14) + 50 - (2 - (24 - 10 - 9)).
53
What is -40 + (-96 + 10 - (-38 - 6))?
-82
Calculate -4 + 47 + -6 + -3 + -2 + (-11 - -10).
31
What is the value of 50 + -17 + -1 - 52?
-20
What is (1 - -49) + -110 + (-118 - -208)?
30
What is 4 - 20 - (-68 - ((10 - 8) + 1))?
55
6 + -9 + -87 - (23 + -14 - 4 - 4)
-91
Calculate (-23 + (44 - -2) - (1 - -126)) + -21.
-125
4 - 4 - (99 + -61)
-38
Calculate -18 + -1 - (36 - (-141 - -197)).
1
What is (-1719 - -1726) + (0 - 48)?
-41
Calculate (-13 - (0 - -9)) + -7 + -7 + 9.
-27
What is -43 - ((3 - 20) + 6 + -4 + 12)?
-40
What is -58 + (20 - 42) + 16 + (1 - (-1 - 5))?
-57
Calculate 5 - (33 - 10) - (-56 - 2).
40
What is 25 - 74 - ((6 + -5 - -5) + -14)?
-41
Evaluate -24 + -1 - (688 + -795).
82
What is the value of 10 - ((4 - -4) + (-15 - (-16 - -10))) - -12?
23
What is -31 + (11 - 18 - -12) + 2 + 1?
-23
-13 - (-56 - (-3 - (10 - -1)))
29
What is (-33 - 0) + (-9 - (-15 + 7 - 1))?
-33
10 + (-2 - (7 - -131)) - -18
-112
Calculate 16 - -1 - (-44 - (-32 + -46)).
-17
What is -22 - -24 - (5 + -10 + 11 + -6) - 26?
-24
What is the value of -34 + -7 + -18 + 42?
-17
Evaluate -113 + (-4 + 14 + 5 - ((3 - 9) + 21)).
-113
What is 9 + 1 - ((-10 - -1) + -7 + -4 - 62)?
92
What is -43 + (22 - 0 - (-264 + 266)) - 1?
-24
(-25 - (-74 + 49)) + 34
34
What is 26 - -3 - (-19 - -44)?
4
Evaluate 2 + -54 + 20 + 14 + 10.
-8
Evaluate -14 + (5 - 1) + 2 - (-48 + 34).
6
Calculate -78 + (179 - 46 - 67).
-12
What is -67 + (46 - (-10 - -39))?
-50
Evaluate -32 + -19 + 31 + -41.
-61
(2 - (21 + 19 + -53)) + 15
30
What is -49 - (-53 - -5) - 47?
-48
(-9 - 26) + -23 + 23 + -11 + 11
-35
-23 + (17 + -18 - -11) - -30
17
Calculate 2 + (-65 - -1) + (-25 - -16) + 1 + 14.
-56
Calculate 23 + -23 - (31 - 19) - (-35 + 1).
22
Evaluate 14 - (4 + -22 - (-21 + -3)) - (-1 + -40).
49
What is the value of -42 - -2 - (19 - (25 + 0) - (5 - 4))?
-33
What is the value of -112 + (-26 - -49 - -58)?
-31
Calculate 124 + (-84 - -84) + 26.
150
Evaluate 13 + 11 + (-13 - (1 + -8 + 43)).
-25
What is -8 + (58 - 0) + (36 - 72 - -38) - -1?
53
What is -829 + 840 - (4 + (-1 - 0) + 2 + 9)?
-3
What is -2 + (4 - (-2 + (59 - 22)))?
-33
Evaluate 57 + (-34 - (-37 - -77)).
-17
-9 - (-6 - -7 - -49)
-59
Calculate (18 - -19 - 34 - 6) + 1 + -2 + 0.
-4
What is the value of -90 + 87 - (-23 + 44)?
-24
What is 5419 - 5625 - (0 + -98)?
-108
What is the value of 144 + -121 - (56 + (3 - -2))?
-38
Calculate -82 + (3 - ((0 - -7) + -13 + 7)) + 9.
-71
14 + 3 + -103 + (-19 - (-57 - -22))
-70
Evaluate 4 + -1 - -7 - (20 + -69 + 23).
36
What is the value of 0 + -11 - (110 - 225) - (-4 - (-6 + -9))?
93
What is -7 - 1 - (0 - -24 - (-42 + 66 + -34))?
-42
What is (41 - 49) + -3 + -2 + 0 + -6?
-19
Calculate 9 + -3 - (6 + -9 + 1 + -8 + 8).
8
Evaluate 6 + -9 + 14 + -5 - 55 - -4.
-45
What is the value of 0 - -15 - (5 + -2) - (119 - -30 - 76)?
-61
Evaluate -24 + (161 + -191 - (-5 - -27)).
-76
Calculate (0 - (11 - 5)) + (-48 - (-22 + -65)).
33
What is the value of -5 - 18 - (3 + (-17 - 22))?
13
62 + 67 + -59 + -102
-32
Evaluate 6186 + -6247 + (6 - (-2 + 1 + (0 - 1))).
-53
What is 21 - (73 - (-18 + (19 - 7)))?
-58
What is the value of (29 - (7 - 1) - (-12 + 10)) + 4 - 1?
28
Calculate (-3 - -12) + (6 - -12 - 35) + -23.
-31
What is (13 - 10) + (15 - 23) - (-4 + -24)?
23
Evaluate 1 - 21 - (-424 + 401).
3
Calculate -1 + -81 - (30 - (6 - -18 - 16) - 10).
-94
Evaluate (-131 - 1) + (19 - (13 + -21 + 2) - 11).
-118
Evaluate (-140 - -137) + (-1 - (8 + -4) - -12).
4
Calculate (1 + 2 - ((-3 - -2) + 60)) + -468 + 466.
-58
Evaluate (-21 + 53 - 130) + 17 - (7 - (3 - 4)).
-89
Evaluate -4 + -21 + -9 - (-2 + -9).
-23
301 + -290 + -1 + 56 + (10 - 16)
60
What is the value of -7 + 1 + 9 + -13 + (-4 - -16 - 28)?
-26
What is the value of 11 + -1 + (331 - 327) + 7 + (63 - 7)?
77
What is -38 